{"id":1033,"date":"2023-07-19T09:41:11","date_gmt":"2023-07-19T09:41:11","guid":{"rendered":"https:\/\/tei.acm.org\/2024\/?page_id=1033"},"modified":"2023-11-27T11:35:17","modified_gmt":"2023-11-27T11:35:17","slug":"program-committee","status":"publish","type":"page","link":"https:\/\/tei.acm.org\/2024\/index.php\/about-tei\/program-committee\/","title":{"rendered":"Program Committee"},"content":{"rendered":"\t\t<div data-elementor-type=\"wp-page\" data-elementor-id=\"1033\" class=\"elementor elementor-1033\">\n\t\t\t\t\t\t\t\t\t<section class=\"elementor-section elementor-top-section elementor-element elementor-element-84f4168 elementor-section-boxed elementor-section-height-default elementor-section-height-default\" data-id=\"84f4168\" data-element_type=\"section\">\n\t\t\t\t\t\t<div class=\"elementor-container elementor-column-gap-default\">\n\t\t\t\t\t<div class=\"elementor-column elementor-col-100 elementor-top-column elementor-element elementor-element-55d6957\" data-id=\"55d6957\" data-element_type=\"column\">\n\t\t\t<div class=\"elementor-widget-wrap elementor-element-populated\">\n\t\t\t\t\t\t\t\t<div class=\"elementor-element elementor-element-eebe9fa elementor-widget elementor-widget-heading\" data-id=\"eebe9fa\" data-element_type=\"widget\" data-widget_type=\"heading.default\">\n\t\t\t\t<div class=\"elementor-widget-container\">\n\t\t\t<style>\/*! elementor - v3.17.0 - 08-11-2023 *\/\n.elementor-heading-title{padding:0;margin:0;line-height:1}.elementor-widget-heading .elementor-heading-title[class*=elementor-size-]>a{color:inherit;font-size:inherit;line-height:inherit}.elementor-widget-heading .elementor-heading-title.elementor-size-small{font-size:15px}.elementor-widget-heading .elementor-heading-title.elementor-size-medium{font-size:19px}.elementor-widget-heading .elementor-heading-title.elementor-size-large{font-size:29px}.elementor-widget-heading .elementor-heading-title.elementor-size-xl{font-size:39px}.elementor-widget-heading .elementor-heading-title.elementor-size-xxl{font-size:59px}<\/style><h2 class=\"elementor-heading-title elementor-size-default\">PAPers - Associate Chairs<\/h2>\t\t<\/div>\n\t\t\t\t<\/div>\n\t\t\t\t\t<\/div>\n\t\t<\/div>\n\t\t\t\t\t\t\t<\/div>\n\t\t<\/section>\n\t\t\t\t<section class=\"elementor-section elementor-top-section elementor-element elementor-element-72d0fc7 elementor-section-boxed elementor-section-height-default elementor-section-height-default\" data-id=\"72d0fc7\" data-element_type=\"section\">\n\t\t\t\t\t\t<div class=\"elementor-container elementor-column-gap-default\">\n\t\t\t\t\t<div class=\"elementor-column elementor-col-100 elementor-top-column elementor-element elementor-element-b436408\" data-id=\"b436408\" data-element_type=\"column\">\n\t\t\t<div class=\"elementor-widget-wrap elementor-element-populated\">\n\t\t\t\t\t\t\t\t<div class=\"elementor-element elementor-element-0a66a2b elementor-widget elementor-widget-text-editor\" data-id=\"0a66a2b\" data-element_type=\"widget\" data-widget_type=\"text-editor.default\">\n\t\t\t\t<div class=\"elementor-widget-container\">\n\t\t\t<style>\/*! elementor - v3.17.0 - 08-11-2023 *\/\n.elementor-widget-text-editor.elementor-drop-cap-view-stacked .elementor-drop-cap{background-color:#69727d;color:#fff}.elementor-widget-text-editor.elementor-drop-cap-view-framed .elementor-drop-cap{color:#69727d;border:3px solid;background-color:transparent}.elementor-widget-text-editor:not(.elementor-drop-cap-view-default) .elementor-drop-cap{margin-top:8px}.elementor-widget-text-editor:not(.elementor-drop-cap-view-default) .elementor-drop-cap-letter{width:1em;height:1em}.elementor-widget-text-editor .elementor-drop-cap{float:left;text-align:center;line-height:1;font-size:50px}.elementor-widget-text-editor .elementor-drop-cap-letter{display:inline-block}<\/style>\t\t\t\t<div>Teresa Almeida &#8211; Ume\u00e5 University, Sweden and ITI\/LARSyS, Portugal<\/div>\n\n<div>Dimitra Anastasiou &#8211; Luxembourg Institute of Science and Technology, Luxembourg<\/div>\n<div>Tetsuaki Baba &#8211; Tokyo Metropolitan University, Japan<\/div>\n<div>Fiona Bell &#8211; University Colorado Boulder, USA<\/div>\n<div>Andrea Bellucci &#8211; Universidad Carlos III Madrid, Spain<\/div>\n<div>Leah Buechley &#8211; University of New Mexico (UNM), USA<\/div>\n<div>Francesco Cafaro &#8211; Indiana University-Purdue University Indianapolis, USA<\/div>\n<div>Mustafa Doga Dogan &#8211; MIT, USA<\/div>\n<div>Florian Echtler &#8211; Aalborg University, Denmark<\/div>\n<div>Augusto Esteves &#8211; University of Lisbon, Portugal<\/div>\n<div>Loe Feijs &#8211; Eindhoven University of Technology, the Netherlands<\/div>\n<div>Ylva Fernaeus &#8211; KTH, Royal Institute of Technology, Sweden<\/div>\n<div>Joshua Fisher &#8211; Ball State University, USA<\/div>\n<div>St\u00e9phanie Fleck &#8211; University of Lorraine, France<\/div>\n<div>Jack Forman &#8211; MIT, USA<\/div>\n<div>Verena Fuchsberger &#8211; University of Salzburg, Austria<\/div>\n<div>Mafalda Gamboa &#8211; Chalmers University, Sweden<\/div>\n<div>Luc Geurts &#8211; KU Leuven, Belgium<\/div>\n<div>Changyo Han &#8211; University of Tokyo, Japan<\/div>\n<div>Michaela Honauer &#8211; University of Twente, The Netherlends<\/div>\n<div>Steven Houben &#8211; Eindhoven University of Technology, The Netherlands<\/div>\n<div>J\u00f6rn Hurtienne &#8211; Universit\u00e4t W\u00fcrzburg, Germany<\/div>\n<div>Marion Koelle &#8211; Universit\u00e4t Oldenburg, Germany<\/div>\n<div>Nantia Koulidou &#8211; Sheffield Hallam University, UK<\/div>\n<div>Angelika Mader &#8211; Univresity of Twente, the Netherlands<\/div>\n<div>Val\u00e9rie Maquil &#8211; LIST &#8211; Luxembourg Institute of Science and Technology, Luxembourg<\/div>\n<div>Katsutoshi Masai &#8211; Keio University, Japan<\/div>\n<div>Timothy Robert Merritt &#8211; Aalborg University, Denmark<\/div>\n<div>Martin Murer &#8211; University of Salzburg, Austria<\/div>\n<div>Ken Nakagaki &#8211; University of Chicago, USA<\/div>\n<div>Ian Oakley \u2013 UNIST, South Korea<\/div>\n<div>HyunJoo Oh &#8211; Georgia Tech, USA<\/div>\n<div>Nimesha Ranasinghe &#8211; University of Maine, USA<\/div>\n<div>Anke Reinschluessel &#8211; Universit\u00e4t Bremen, Germany<\/div>\n<div>Beat Rossmy &#8211; LMU, Germany<\/div>\n<div>Beat Signer &#8211; Vrije Universiteit Brussel, Belgium<\/div>\n<div>Katta Spiel &#8211; TU Wien, Austria<\/div>\n<div>Miriam Sturdee &#8211; University of St. Andrews, UK<\/div>\n<div>Yuta Sugiura &#8211; Keio University, Japan<\/div>\n<div>Ryo Suzuki &#8211; University of Calgary, Canada<\/div>\n<div>Manfred Tscheligi &#8211; University of Salzburg, Austria<\/div>\n<div>Dishita Turakhia &#8211; MIT, USA<\/div>\n<div>Brygg Ullmer &#8211; Clemson University, US<\/div>\n<div>Rosa van Koningsbruggen &#8211; Bauhaus-Universit\u00e4t Weimar, Germany<\/div>\n<div>Dhaval Vyas &#8211; University of Queensland, Australia<\/div>\n<div>James Walsh &#8211; University of South Australia, Australia<\/div>\n<div>Raphael Wimmer &#8211; Universit\u00e4t Regensburg, Germany<\/div>\n<div>Anusha Withana &#8211; The University of Sydney, Australia<\/div>\n<div>Kening Zhu &#8211; City University of Hong Kong, China<\/div>\n<\/div>\t\t\t\t\t\t<\/div>\n\t\t\t\t<\/div>\n\t\t\t\t\t<\/div>\n\t\t<\/div>\n\t\t\t\t\t\t\t<\/div>\n\t\t<\/section>\n\t\t\t\t<section class=\"elementor-section elementor-top-section elementor-element elementor-element-ce431b4 elementor-section-boxed elementor-section-height-default elementor-section-height-default\" data-id=\"ce431b4\" data-element_type=\"section\">\n\t\t\t\t\t\t<div class=\"elementor-container elementor-column-gap-default\">\n\t\t\t\t\t<div class=\"elementor-column elementor-col-100 elementor-top-column elementor-element elementor-element-58dc64b\" data-id=\"58dc64b\" data-element_type=\"column\">\n\t\t\t<div class=\"elementor-widget-wrap elementor-element-populated\">\n\t\t\t\t\t\t\t\t<div class=\"elementor-element elementor-element-4660e22 elementor-widget elementor-widget-text-editor\" data-id=\"4660e22\" data-element_type=\"widget\" data-widget_type=\"text-editor.default\">\n\t\t\t\t<div class=\"elementor-widget-container\">\n\t\t\t\t\t\t\t<div>\n<h2 style=\"color:#54595F\">Pictorials &#8211; Associate Chairs\u200b<\/h2>\n<\/div>\n<div>Deepti Aggarwal &#8211; HAFP Research Lab, RMIT University, Melbourne, Victoria, Australia<\/div>\n<div>Pengcheng An &#8211; School of Design, Southern University of Science and Technology, Shenzhen, China<\/div>\n<div>Sandra Bae &#8211; ATLAS Institute, University of Colorado Boulder, Boulder, Colorado, United States\nJacky Bourgeois &#8211;\u00a0Faculty of Industrial Design Engineering, Delft University of Technology, Delft, Netherlands<\/div>\n<div>Jas Brooks &#8211; University of Chicago, Chicago, Illinois, United States<\/div>\n<div>Kyung Yun Choi &#8211; Media Lab, MIT, Cambridge, Massachusetts, United States<\/div>\n<div>Karen Cochrane &#8211; University of Waterloo, Waterloo, Ontario, Canada\nHessam\u00a0Djavaherpour &#8211;\u00a0University of Calgary, Calgary, Alberta, Canada<\/div>\n<div>Daniel Echeverri &#8211; Faculty of Informatics, Masaryk University, Brno, Czech Republic<\/div>\n<div>Mafalda Gamboa &#8211; Interaction Design, CSE, Chalmers University of Technology, University of Gothenburg, Gothenburg, Sweden\nSarah Hayes &#8211;\u00a0Department of Media Communications, Cork Institute of Technology, Cork, Ireland<\/div>\n<div>Linda Hirsch &#8211; LMU Munich, Munich, Germany<\/div>\n<div>Lee Jones &#8211; Carlton University, Canada<\/div>\n<div>Yasuaki Kakehi &#8211; The University of Tokyo, Tokyo, Japan<\/div>\n<div>Georgia Panagiotidou &#8211; King&#8217;s College London, London, United Kingdom\nXipei Ren &#8211;\u00a0School of Design and Arts, Beijing Institute of Technology, Beijing, China<\/div>\n<div>Kim Sauv\u00e9 &#8211; University of Bath, Bath, United Kingdom,<\/div>\n<div>Marc Teyssier &#8211; Research Center &#8211; L\u00e9onard de Vinici P\u00f4le Universitaire, Paris La D\u00e9fense, France<\/div>\n<div>Yan Wang &#8211; Exertion Games Lab, Monash University, Melbourne, Victoria, Australia<\/div>\t\t\t\t\t\t<\/div>\n\t\t\t\t<\/div>\n\t\t\t\t\t<\/div>\n\t\t<\/div>\n\t\t\t\t\t\t\t<\/div>\n\t\t<\/section>\n\t\t\t\t<section class=\"elementor-section elementor-top-section elementor-element elementor-element-f2e0a9f elementor-section-boxed elementor-section-height-default elementor-section-height-default\" data-id=\"f2e0a9f\" data-element_type=\"section\">\n\t\t\t\t\t\t<div class=\"elementor-container elementor-column-gap-default\">\n\t\t\t\t\t<div class=\"elementor-column elementor-col-100 elementor-top-column elementor-element elementor-element-8c70863\" data-id=\"8c70863\" data-element_type=\"column\">\n\t\t\t<div class=\"elementor-widget-wrap elementor-element-populated\">\n\t\t\t\t\t\t\t\t<div class=\"elementor-element elementor-element-33f1fc3 elementor-widget elementor-widget-text-editor\" data-id=\"33f1fc3\" data-element_type=\"widget\" data-widget_type=\"text-editor.default\">\n\t\t\t\t<div class=\"elementor-widget-container\">\n\t\t\t\t\t\t\t<h2 style=\"color: #54595f;\">WORK IN PROGRESS &#8211; ASSOCIATE CHAIRS<\/h2><p>Caroline Claisse &#8211; Newcastle University, UK<br \/>Mark Colley &#8211; Universit\u00e4t Ulm, Germany<br \/>Sara Colombo &#8211; Eindhoven University of Technology, Netherlands<br \/>Marcello Giordano &#8211; Apple, USA<br \/>Valentina Nisi &#8211; University of Lisbon, Portugal<br \/>Daniela Petrelli &#8211; Sheffield Hallam University, UK<br \/>Dominic Potts &#8211; University of Bath, UK<br \/>Paulina Rojkowska &#8211; Uppsala University, Sweden<br \/>Courtney N. Reed &#8211; King\u2019s College London, UK<br \/>Susanne Stigberg &#8211; \u00d8stfold University College, Norway<br \/>Francesco Strada &#8211; Politecnico di Torino, Italy<br \/>Anastasios Theodoropoulos &#8211; University of Peloponnese, Greece<br \/>Miko\u0142aj P. Wo\u017aniak &#8211; University of Oldenburg, Germany<br \/>Shanel Wu &#8211; University of Carleton, Canada<\/p>\t\t\t\t\t\t<\/div>\n\t\t\t\t<\/div>\n\t\t\t\t\t<\/div>\n\t\t<\/div>\n\t\t\t\t\t\t\t<\/div>\n\t\t<\/section>\n\t\t\t\t\t\t\t<\/div>\n\t\t","protected":false},"excerpt":{"rendered":"<p>PAPers &#8211; Associate Chairs Teresa Almeida &#8211; Ume\u00e5 University, Sweden and ITI\/LARSyS, Portugal Dimitra Anastasiou &#8211; Luxembourg Institute of Science and Technology, Luxembourg Tetsuaki Baba &#8211; Tokyo Metropolitan University, Japan Fiona Bell &#8211; University Colorado Boulder, USA Andrea Bellucci &#8211; Universidad Carlos III Madrid, Spain Leah Buechley &#8211; University of New Mexico (UNM), USA Francesco [&hellip;]<\/p>\n","protected":false},"author":1,"featured_media":0,"parent":54,"menu_order":3,"comment_status":"closed","ping_status":"closed","template":"","meta":{"footnotes":""},"class_list":["post-1033","page","type-page","status-publish","hentry"],"yoast_head":"<!-- This site is optimized with the Yoast SEO plugin v21.5 - https:\/\/yoast.com\/wordpress\/plugins\/seo\/ -->\n<title>Program Committee - TEI 2024<\/title>\n<meta name=\"robots\" content=\"index, follow, max-snippet:-1, max-image-preview:large, max-video-preview:-1\" \/>\n<link rel=\"canonical\" href=\"https:\/\/tei.acm.org\/2024\/index.php\/about-tei\/program-committee\/\" \/>\n<meta property=\"og:locale\" content=\"en_US\" \/>\n<meta property=\"og:type\" content=\"article\" \/>\n<meta property=\"og:title\" content=\"Program Committee - TEI 2024\" \/>\n<meta property=\"og:description\" content=\"PAPers &#8211; Associate Chairs Teresa Almeida &#8211; Ume\u00e5 University, Sweden and ITI\/LARSyS, Portugal Dimitra Anastasiou &#8211; Luxembourg Institute of Science and Technology, Luxembourg Tetsuaki Baba &#8211; Tokyo Metropolitan University, Japan Fiona Bell &#8211; University Colorado Boulder, USA Andrea Bellucci &#8211; Universidad Carlos III Madrid, Spain Leah Buechley &#8211; University of New Mexico (UNM), USA Francesco [&hellip;]\" \/>\n<meta property=\"og:url\" content=\"https:\/\/tei.acm.org\/2024\/index.php\/about-tei\/program-committee\/\" \/>\n<meta property=\"og:site_name\" content=\"TEI 2024\" \/>\n<meta property=\"article:publisher\" content=\"https:\/\/www.facebook.com\/teiconf\/\" \/>\n<meta property=\"article:modified_time\" content=\"2023-11-27T11:35:17+00:00\" \/>\n<meta name=\"twitter:card\" content=\"summary_large_image\" \/>\n<meta name=\"twitter:site\" content=\"@tei_conf\" \/>\n<meta name=\"twitter:label1\" content=\"Est. reading time\" \/>\n\t<meta name=\"twitter:data1\" content=\"3 minutes\" \/>\n<script type=\"application\/ld+json\" class=\"yoast-schema-graph\">{\"@context\":\"https:\/\/schema.org\",\"@graph\":[{\"@type\":\"WebPage\",\"@id\":\"https:\/\/tei.acm.org\/2024\/index.php\/about-tei\/program-committee\/\",\"url\":\"https:\/\/tei.acm.org\/2024\/index.php\/about-tei\/program-committee\/\",\"name\":\"Program Committee - TEI 2024\",\"isPartOf\":{\"@id\":\"https:\/\/tei.acm.org\/2024\/#website\"},\"datePublished\":\"2023-07-19T09:41:11+00:00\",\"dateModified\":\"2023-11-27T11:35:17+00:00\",\"breadcrumb\":{\"@id\":\"https:\/\/tei.acm.org\/2024\/index.php\/about-tei\/program-committee\/#breadcrumb\"},\"inLanguage\":\"en-US\",\"potentialAction\":[{\"@type\":\"ReadAction\",\"target\":[\"https:\/\/tei.acm.org\/2024\/index.php\/about-tei\/program-committee\/\"]}]},{\"@type\":\"BreadcrumbList\",\"@id\":\"https:\/\/tei.acm.org\/2024\/index.php\/about-tei\/program-committee\/#breadcrumb\",\"itemListElement\":[{\"@type\":\"ListItem\",\"position\":1,\"name\":\"Home\",\"item\":\"https:\/\/tei.acm.org\/2024\/\"},{\"@type\":\"ListItem\",\"position\":2,\"name\":\"About TEI\",\"item\":\"https:\/\/tei.acm.org\/2024\/index.php\/about-tei\/\"},{\"@type\":\"ListItem\",\"position\":3,\"name\":\"Program Committee\"}]},{\"@type\":\"WebSite\",\"@id\":\"https:\/\/tei.acm.org\/2024\/#website\",\"url\":\"https:\/\/tei.acm.org\/2024\/\",\"name\":\"TEI 2024\",\"description\":\"Conference on Tangible and Embodied Interaction\",\"publisher\":{\"@id\":\"https:\/\/tei.acm.org\/2024\/#organization\"},\"potentialAction\":[{\"@type\":\"SearchAction\",\"target\":{\"@type\":\"EntryPoint\",\"urlTemplate\":\"https:\/\/tei.acm.org\/2024\/?s={search_term_string}\"},\"query-input\":\"required name=search_term_string\"}],\"inLanguage\":\"en-US\"},{\"@type\":\"Organization\",\"@id\":\"https:\/\/tei.acm.org\/2024\/#organization\",\"name\":\"TEI 2024\",\"url\":\"https:\/\/tei.acm.org\/2024\/\",\"logo\":{\"@type\":\"ImageObject\",\"inLanguage\":\"en-US\",\"@id\":\"https:\/\/tei.acm.org\/2024\/#\/schema\/logo\/image\/\",\"url\":\"https:\/\/tei.acm.org\/2024\/wp-content\/uploads\/2023\/04\/PinkGreen_BB_Op.gif\",\"contentUrl\":\"https:\/\/tei.acm.org\/2024\/wp-content\/uploads\/2023\/04\/PinkGreen_BB_Op.gif\",\"width\":200,\"height\":230,\"caption\":\"TEI 2024\"},\"image\":{\"@id\":\"https:\/\/tei.acm.org\/2024\/#\/schema\/logo\/image\/\"},\"sameAs\":[\"https:\/\/www.facebook.com\/teiconf\/\",\"https:\/\/twitter.com\/tei_conf\"]}]}<\/script>\n<!-- \/ Yoast SEO plugin. -->","yoast_head_json":{"title":"Program Committee - TEI 2024","robots":{"index":"index","follow":"follow","max-snippet":"max-snippet:-1","max-image-preview":"max-image-preview:large","max-video-preview":"max-video-preview:-1"},"canonical":"https:\/\/tei.acm.org\/2024\/index.php\/about-tei\/program-committee\/","og_locale":"en_US","og_type":"article","og_title":"Program Committee - TEI 2024","og_description":"PAPers &#8211; Associate Chairs Teresa Almeida &#8211; Ume\u00e5 University, Sweden and ITI\/LARSyS, Portugal Dimitra Anastasiou &#8211; Luxembourg Institute of Science and Technology, Luxembourg Tetsuaki Baba &#8211; Tokyo Metropolitan University, Japan Fiona Bell &#8211; University Colorado Boulder, USA Andrea Bellucci &#8211; Universidad Carlos III Madrid, Spain Leah Buechley &#8211; University of New Mexico (UNM), USA Francesco [&hellip;]","og_url":"https:\/\/tei.acm.org\/2024\/index.php\/about-tei\/program-committee\/","og_site_name":"TEI 2024","article_publisher":"https:\/\/www.facebook.com\/teiconf\/","article_modified_time":"2023-11-27T11:35:17+00:00","twitter_card":"summary_large_image","twitter_site":"@tei_conf","twitter_misc":{"Est. reading time":"3 minutes"},"schema":{"@context":"https:\/\/schema.org","@graph":[{"@type":"WebPage","@id":"https:\/\/tei.acm.org\/2024\/index.php\/about-tei\/program-committee\/","url":"https:\/\/tei.acm.org\/2024\/index.php\/about-tei\/program-committee\/","name":"Program Committee - TEI 2024","isPartOf":{"@id":"https:\/\/tei.acm.org\/2024\/#website"},"datePublished":"2023-07-19T09:41:11+00:00","dateModified":"2023-11-27T11:35:17+00:00","breadcrumb":{"@id":"https:\/\/tei.acm.org\/2024\/index.php\/about-tei\/program-committee\/#breadcrumb"},"inLanguage":"en-US","potentialAction":[{"@type":"ReadAction","target":["https:\/\/tei.acm.org\/2024\/index.php\/about-tei\/program-committee\/"]}]},{"@type":"BreadcrumbList","@id":"https:\/\/tei.acm.org\/2024\/index.php\/about-tei\/program-committee\/#breadcrumb","itemListElement":[{"@type":"ListItem","position":1,"name":"Home","item":"https:\/\/tei.acm.org\/2024\/"},{"@type":"ListItem","position":2,"name":"About TEI","item":"https:\/\/tei.acm.org\/2024\/index.php\/about-tei\/"},{"@type":"ListItem","position":3,"name":"Program Committee"}]},{"@type":"WebSite","@id":"https:\/\/tei.acm.org\/2024\/#website","url":"https:\/\/tei.acm.org\/2024\/","name":"TEI 2024","description":"Conference on Tangible and Embodied Interaction","publisher":{"@id":"https:\/\/tei.acm.org\/2024\/#organization"},"potentialAction":[{"@type":"SearchAction","target":{"@type":"EntryPoint","urlTemplate":"https:\/\/tei.acm.org\/2024\/?s={search_term_string}"},"query-input":"required name=search_term_string"}],"inLanguage":"en-US"},{"@type":"Organization","@id":"https:\/\/tei.acm.org\/2024\/#organization","name":"TEI 2024","url":"https:\/\/tei.acm.org\/2024\/","logo":{"@type":"ImageObject","inLanguage":"en-US","@id":"https:\/\/tei.acm.org\/2024\/#\/schema\/logo\/image\/","url":"https:\/\/tei.acm.org\/2024\/wp-content\/uploads\/2023\/04\/PinkGreen_BB_Op.gif","contentUrl":"https:\/\/tei.acm.org\/2024\/wp-content\/uploads\/2023\/04\/PinkGreen_BB_Op.gif","width":200,"height":230,"caption":"TEI 2024"},"image":{"@id":"https:\/\/tei.acm.org\/2024\/#\/schema\/logo\/image\/"},"sameAs":["https:\/\/www.facebook.com\/teiconf\/","https:\/\/twitter.com\/tei_conf"]}]}},"_links":{"self":[{"href":"https:\/\/tei.acm.org\/2024\/index.php\/wp-json\/wp\/v2\/pages\/1033","targetHints":{"allow":["GET"]}}],"collection":[{"href":"https:\/\/tei.acm.org\/2024\/index.php\/wp-json\/wp\/v2\/pages"}],"about":[{"href":"https:\/\/tei.acm.org\/2024\/index.php\/wp-json\/wp\/v2\/types\/page"}],"author":[{"embeddable":true,"href":"https:\/\/tei.acm.org\/2024\/index.php\/wp-json\/wp\/v2\/users\/1"}],"replies":[{"embeddable":true,"href":"https:\/\/tei.acm.org\/2024\/index.php\/wp-json\/wp\/v2\/comments?post=1033"}],"version-history":[{"count":44,"href":"https:\/\/tei.acm.org\/2024\/index.php\/wp-json\/wp\/v2\/pages\/1033\/revisions"}],"predecessor-version":[{"id":1444,"href":"https:\/\/tei.acm.org\/2024\/index.php\/wp-json\/wp\/v2\/pages\/1033\/revisions\/1444"}],"up":[{"embeddable":true,"href":"https:\/\/tei.acm.org\/2024\/index.php\/wp-json\/wp\/v2\/pages\/54"}],"wp:attachment":[{"href":"https:\/\/tei.acm.org\/2024\/index.php\/wp-json\/wp\/v2\/media?parent=1033"}],"curies":[{"name":"wp","href":"https:\/\/api.w.org\/{rel}","templated":true}]}}